s the ten millions digit of 38930583?
3
What is the hundreds digit of 16809531?
5
What is the ten millions digit of 16739018?
1
What is the ten millions digit of 12511756?
1
What is the thousands digit of 1349465?
9
What is the ten millions digit of 205719026?
0
What is the tens digit of 55416130?
3
What is the hundred millions digit of 659326586?
6
What is the hundred thousands digit of 4668368778?
3
What is the hundreds digit of 5297638445?
4
What is the millions digit of 83191646?
3
What is the ten millions digit of 163420111?
6
What is the hundred millions digit of 3973106285?
9
What is the hundreds digit of 635362554?
5
What is the ten thousands digit of 101351236?
5
What is the units digit of 55651434?
4
What is the hundred millions digit of 156321068?
1
What is the thousands digit of 779172965?
2
What is the ten thousands digit of 40447247?
4
What is the hundreds digit of 5044646913?
9
What is the thousands digit of 1207368698?
8
What is the tens digit of 272086551?
5
What is the hundreds digit of 617781714?
7
What is the ten thousands digit of 157395065?
9
What is the thousands digit of 956203005?
3
What is the ten millions digit of 24371433?
2
What is the tens digit of 1589321460?
6
What is the ten millions digit of 3904487786?
0
What is the tens digit of 583412978?
7
What is the millions digit of 2884182113?
4
What is the hundred thousands digit of 709876247?
8
What is the ten thousands digit of 1612193260?
9
What is the ten thousands digit of 125846658?
4
What is the hundred thousands digit of 1513689348?
6
What is the ten thousands digit of 1845440502?
4
What is the millions digit of 135492957?
5
What is the hundred thousands digit of 36118011?
1
What is the millions digit of 658099681?
8
What is the millions digit of 49800550?
9
What is the hundreds digit of 3841269130?
1
What is the hundreds digit of 35443854?
8
What is the hundred millions digit of 311135111?
3
What is the millions digit of 84266876?
4
What is the tens digit of 1853948440?
4
What is the hundred thousands digit of 7646448022?
4
What is the hundred thousands digit of 41893516?
8
What is the hundred millions digit of 677569300?
6
What is the ten thousands digit of 206605911?
0
What is the tens digit of 8416277504?
0
What is the millions digit of 36582652?
6
What is the hundred thousands digit of 1272757401?
7
What is the thousands digit of 711245933?
5
What is the millions digit of 2609578928?
9
What is the hundreds digit of 4036533384?
3
What is the ten millions digit of 2089658959?
8
What is the units digit of 697050218?
8
What is the hundreds digit of 6309930537?
5
What is the ten thousands digit of 63471187?
7
What is the millions digit of 253883374?
3
What is the hundred thousands digit of 210895843?
8
What is the hundreds digit of 224597582?
5
What is the millions digit of 21097611?
1
What is the tens digit of 70550538?
3
What is the hundred thousands digit of 30918693?
9
What is the tens digit of 622977701?
0
What is the hundred thousands digit of 117194528?
1
What is the units digit of 146036507?
7
What is the hundreds digit of 903907185?
1
What is the tens digit of 54773408?
0
What is the hundred millions digit of 141491652?
1
What is the hundred thousands digit of 3834723605?
7
What is the thousands digit of 161927598?
7
What is the units digit of 64153672?
2
What is the units digit of 59438366?
6
What is the ten millions digit of 101195195?
0
What is the hundred thousands digit of 15749706?
7
What is the ten thousands digit of 6198382?
9
What is the millions digit of 180672411?
0
What is the units digit of 6687248748?
8
What is the millions digit of 433828860?
3
What is the tens digit of 613607524?
2
What is the hundred thousands digit of 1821665727?
6
What is the ten millions digit of 198328596?
9
What is the hundred thousands digit of 1911054459?
0
What is the tens digit of 88454603?
0
What is the tens digit of 4043294809?
0
What is the hundred thousands digit of 14412375?
4
What is the ten millions digit of 118578191?
1
What is the ten thousands digit of 26620542?
2
What is the tens digit of 783429491?
9
What is the ten thousands digit of 74545608?
4
What is the tens digit of 564617515?
1
What is the thousands digit of 65093457?
3
What is the tens digit of 139915459?
5
What is the hundred thousands digit of 43996831?
9
What is the millions digit of 180823894?
0
What is the hundred millions digit of 175881453?
1
What is the ten millions digit of 160436926?
6
What is the hundred thousands digit of 455593035?
5
What is the hundred millions digit of 484230975?
4
What is the hundred thousands digit of 261042841?
0
What is the hundred thousands digit of 3679110978?
1
What is the ten millions digit of 575963309?
7
What is the thousands digit of 155940721?
0
What is the thousands digit of 102894902?
4
What is the billions digit of 1865559742?
1
What is the thousands digit of 46491543?
1
What is the millions digit of 92772344?
2
What is the units digit of 58472665?
5
What is the millions digit of 82940271?
2
What is the hundred thousands digit of 145531419?
5
What is the ten thousands digit of 92335199?
3
What is the billions digit of 3153961374?
3
What is the ten millions digit of 125366745?
2
What is the millions digit of 1723555025?
3
What is the hundred thousands digit of 106728095?
7
What is the ten millions digit of 24745066?
2
What is the hundred millions digit of 3910447365?
9
What is the hundreds digit of 16936798?
7
What is the tens digit of 83232944?
4
What is the ten thousands digit of 348423961?
2
What is the millions digit of 212432691?
2
What is the units digit of 196494016?
6
What is the hundreds digit of 1365618118?
1
What is the ten thousands digit of 852348859?
4
What is the hundred thousands digit of 1001333018?
3
What is the units digit of 318365762?
2
What is the hundreds digit of 293701244?
2
What is the millions digit of 37161291?
7
What is the units digit of 64445997?
7
What is the tens digit of 2167698?
9
What is the hundred thousands digit of 366849215?
8
What is the millions digit of 157251504?
7
What is the hundred thousands digit of 340976766?
9
What is the millions digit of 100178900?
0
What is the ten millions digit of 23420734?
2
What is the ten millions digit of 840706598?
4
What is the units digit of 327341354?
4
What is the hundreds digit of 53038900?
9
What is the millions digit of 275157950?
5
What is the hundred millions digit of 5288870591?
2
What is the ten millions digit of 58536597?
5
What is the hundred millions digit of 115758134?
1
What is the tens digit of 1059075474?
7
What is the hundred millions digit of 103451582?
1
What is the hundred thousands digit of 811445508?
4
What is the ten millions digit of 1067016175?
6
What is the hundreds digit of 18710031?
0
What is the billions digit of 1704776238?
1
What is the tens digit of 17041005?
0
What is the hundred thousands digit of 5248097335?
0
What is the units digit of 3439056?
6
What is the millions digit of 11062213?
1
What is the ten thousands digit of 219326403?
2
What is the thousands digit of 41201292?
1
What is the millions digit of 1180667595?
0
What is the hundreds digit of 29685356?
3
What is the ten thousands digit of 21168884?
6
What is the hundreds digit of 124986390?
3
What is the hundred millions digit of 234065010?
2
What is the units digit of 55986059?
9
What is the ten thousands digit of 851603993?
0
What is the ten thousands digit of 2514563445?
6
What is the units digit of 40416022?
2
What is the tens digit of 5537648636?
3
What is the hundred thousands digit of 3534403195?
4
What is the millions digit of 9571550?
9
What is the millions digit of 34164945?
4
What is the thousands digit of 1609419479?
9
What is the ten millions digit of 211242380?
1
What is the units digit of 838135353?
3
What is the hundreds digit of 79616436?
4
What is the ten millions digit of 592876302?
9
What is the units digit of 581617268?
8
What is the units digit of 8071604229?
9
What is the millions digit of 1501247?
1
What is the thousands digit of 2278073592?
3
What is the ten millions digit of 463460724?
6
What is the millions digit of 166978759?
6
What is the tens digit of 584076504?
0
What is the thousands digit of 83140350?
0
What is the ten thousands digit of